{"id":19,"date":"2011-10-29T16:04:30","date_gmt":"2011-10-29T15:04:30","guid":{"rendered":"http:\/\/ww2.polishschool.org.uk\/?page_id=19"},"modified":"2025-09-13T14:55:10","modified_gmt":"2025-09-13T13:55:10","slug":"oplaty","status":"publish","type":"page","link":"https:\/\/www.polskaszkolamanchester.org\/?page_id=19","title":{"rendered":"Op\u0142aty"},"content":{"rendered":"\n<p>Rodzice oraz opiekunowie zobowi\u0105zani s\u0105 do pomocy szkole w ilo\u015bci 3 dy\u017cur\u00f3w w ci\u0105gu ka\u017cdego roku szkolnego. W administracji szko\u0142y, po rozpocz\u0119ciu roku szkolnego, mo\u017cna zapisywa\u0107 si\u0119 na dy\u017cury (po jednym w ka\u017cdym z 3 semestr\u00f3w plus specjalne okoliczno\u015bci jak kawiarenki podczas mszy szkolnych, Kaziuk i organizacja innych imprez szkolnych).<br>W przypadku niewywi\u0105zania si\u0119 z powy\u017cszego obowi\u0105zku, pobrany na pocz\u0105tku roku szkolnego depozyt za dy\u017cury nie b\u0119dzie zwracany i przechodzi na rzecz szko\u0142y..<\/p>\n\n\n\n<p>Tabela op\u0142at na rok szkolny 2025-2026<\/p>\n\n\n\n<p>Rodziny w trudnej sytuacji finansowej, kt\u00f3re z jakichkolwiek powod\u00f3w nie mog\u0105 op\u0142aci\u0107 czesnego, musz\u0105 skontaktowa\u0107 si\u0119 z administracj\u0105 szko\u0142y, gdy\u017c zaleg\u0142o\u015bci w czesnym mog\u0105 spowodowa\u0107 skre\u015blenie dziecka\/i z listy uczni\u00f3w i wypisanie ze szko\u0142y. <strong>Szko\u0142a dysponuje funduszem pomocowym i indywidualnie rozpatruje wszelkie wnioski o dofinansowanie czesnego. Wszystkie stypendia pomocowe s\u0105 przyznawane na jeden rok szkolny.<\/strong><\/p>\n\n\n<a href=\"https:\/\/www.polskaszkolamanchester.org\/wp-content\/uploads\/2025\/05\/PSSMC-Czesne-2025-26.pdf\" class=\"pdfemb-viewer\" style=\"\" data-width=\"max\" data-height=\"max\" data-toolbar=\"bottom\" data-toolbar-fixed=\"off\">PSSMC-Czesne-2025-26<\/a>\n\n\n<p><\/p>\n\n\n\n<p><\/p>\n\n\n\n<p>P\u0142atno\u015b\u0107 w systemie <a href=\"http:\/\/www.polskaszkolamanchester.org\/?page_id=5904\">Schoolmoney.<\/a><\/p>\n\n\n\n<p>W tym <a href=\"http:\/\/www.polskaszkolamanchester.org\/?p=7444\">miejscu<\/a> mo\u017cna znale\u017a\u0107 szczeg\u00f3\u0142owy poradnik wraz ze zdj\u0119ciami, jak dokona\u0107 p\u0142atno\u015bci w nowym systemie.<\/p>\n\n\n\n<h2 class=\"wp-block-heading\"><em>Aktualizacja <\/em>13\/09\/2025<\/h2>\n","protected":false},"excerpt":{"rendered":"<p>Rodzice oraz opiekunowie zobowi\u0105zani s\u0105 do pomocy szkole w ilo\u015bci 3 dy\u017cur\u00f3w w ci\u0105gu ka\u017cdego roku szkolnego. W administracji szko\u0142y,<\/p>\n","protected":false},"author":4,"featured_media":0,"parent":98,"menu_order":0,"comment_status":"closed","ping_status":"closed","template":"","meta":{"ngg_post_thumbnail":0,"footnotes":""},"_links":{"self":[{"href":"https:\/\/www.polskaszkolamanchester.org\/index.php?rest_route=\/wp\/v2\/pages\/19"}],"collection":[{"href":"https:\/\/www.polskaszkolamanchester.org\/index.php?rest_route=\/wp\/v2\/pages"}],"about":[{"href":"https:\/\/www.polskaszkolamanchester.org\/index.php?rest_route=\/wp\/v2\/types\/page"}],"author":[{"embeddable":true,"href":"https:\/\/www.polskaszkolamanchester.org\/index.php?rest_route=\/wp\/v2\/users\/4"}],"replies":[{"embeddable":true,"href":"https:\/\/www.polskaszkolamanchester.org\/index.php?rest_route=%2Fwp%2Fv2%2Fcomments&post=19"}],"version-history":[{"count":42,"href":"https:\/\/www.polskaszkolamanchester.org\/index.php?rest_route=\/wp\/v2\/pages\/19\/revisions"}],"predecessor-version":[{"id":10417,"href":"https:\/\/www.polskaszkolamanchester.org\/index.php?rest_route=\/wp\/v2\/pages\/19\/revisions\/10417"}],"up":[{"embeddable":true,"href":"https:\/\/www.polskaszkolamanchester.org\/index.php?rest_route=\/wp\/v2\/pages\/98"}],"wp:attachment":[{"href":"https:\/\/www.polskaszkolamanchester.org\/index.php?rest_route=%2Fwp%2Fv2%2Fmedia&parent=19"}],"curies":[{"name":"wp","href":"https:\/\/api.w.org\/{rel}","templated":true}]}}