{"id":1635,"date":"2013-12-02T19:46:31","date_gmt":"2013-12-02T19:46:31","guid":{"rendered":"http:\/\/www.polskaszkolamanchester.org\/?page_id=1635"},"modified":"2013-12-02T19:58:39","modified_gmt":"2013-12-02T19:58:39","slug":"hymn-polskiej-szkoly-przedmiotow-ojczystych-im-sw-stanislawa-kostki-w-manchester","status":"publish","type":"page","link":"https:\/\/www.polskaszkolamanchester.org\/?page_id=1635","title":{"rendered":"Hymn Polskiej Szko\u0142y Przedmiot\u00f3w Ojczystych im. \u015bw. Stanis\u0142awa Kostki w Manchester"},"content":{"rendered":"<p style=\"text-align: center;\"><span style=\"font-size: 24px;\"><strong>HYMN SZKO\u0141Y<\/strong><\/span><\/p>\n<p style=\"text-align: center;\"><span style=\"font-size: 20px;\">Szumi wiatr po Tatrach<\/span><\/p>\n<p style=\"text-align: center;\"><span style=\"font-size: 20px;\">Ba\u0142tyk w brzeg uderza<\/span><\/p>\n<p style=\"text-align: center;\"><span style=\"font-size: 20px;\">Wis\u0142a poprzez Krak\u00f3w p\u0142ynie<\/span><\/p>\n<p style=\"text-align: center;\"><span style=\"font-size: 20px;\">Polskie dziecko \u015bpiewa<\/span><\/p>\n<p style=\"text-align: center;\"><span style=\"font-size: 20px;\"><strong>ref: Pom\u00f3\u017c \u015bwi\u0119ty Stanis\u0142awie<\/strong><\/span><\/p>\n<p style=\"text-align: center;\"><span style=\"font-size: 20px;\"><strong>Dobrym by\u0107 cz\u0142owiekiem<\/strong><\/span><\/p>\n<p style=\"text-align: center;\"><span style=\"font-size: 20px;\"><strong>Kocha\u0107 Boga kocha\u0107 ludzi<\/strong><\/span><\/p>\n<p style=\"text-align: center;\"><span style=\"font-size: 20px;\"><strong>Co dzie\u0144 coraz lepiej<\/strong><\/span><\/p>\n<p style=\"text-align: center;\"><span style=\"font-size: 20px;\">Kraju pi\u0119kny, kraju drogi<\/span><\/p>\n<p style=\"text-align: center;\"><span style=\"font-size: 20px;\">W sercu moim \u017cywy<\/span><\/p>\n<p style=\"text-align: center;\"><span style=\"font-size: 20px;\">Moich ojc\u00f3w honor, wiara<\/span><\/p>\n<p style=\"text-align: center;\"><span style=\"font-size: 20px;\">To jest skarb prawdziwy<\/span><\/p>\n<p style=\"text-align: center;\"><span style=\"font-size: 20px;\"><strong>ref: Pom\u00f3\u017c \u015bwi\u0119ty Stanis\u0142awie<\/strong><\/span><\/p>\n<p style=\"text-align: center;\"><span style=\"font-size: 20px;\"><strong>Dobrym by\u0107 Polakiem<\/strong><\/span><\/p>\n<p style=\"text-align: center;\"><span style=\"font-size: 20px;\"><strong>Strzec kultury i tradycji<\/strong><\/span><\/p>\n<p style=\"text-align: center;\"><span style=\"font-size: 20px;\"><strong>Polskiej mowy naszej<\/strong><\/span><\/p>\n<p style=\"text-align: center;\">\n<p style=\"text-align: center;\"><strong><span style=\"font-size: 14px;\">autor: siostra Teresa Kos<\/span><\/strong><\/p>\n","protected":false},"excerpt":{"rendered":"<p>HYMN SZKO\u0141Y Szumi wiatr po Tatrach Ba\u0142tyk w brzeg uderza Wis\u0142a poprzez Krak\u00f3w p\u0142ynie Polskie dziecko \u015bpiewa ref: Pom\u00f3\u017c \u015bwi\u0119ty<\/p>\n","protected":false},"author":5,"featured_media":0,"parent":22,"menu_order":0,"comment_status":"closed","ping_status":"closed","template":"","meta":{"ngg_post_thumbnail":0,"footnotes":""},"_links":{"self":[{"href":"https:\/\/www.polskaszkolamanchester.org\/index.php?rest_route=\/wp\/v2\/pages\/1635"}],"collection":[{"href":"https:\/\/www.polskaszkolamanchester.org\/index.php?rest_route=\/wp\/v2\/pages"}],"about":[{"href":"https:\/\/www.polskaszkolamanchester.org\/index.php?rest_route=\/wp\/v2\/types\/page"}],"author":[{"embeddable":true,"href":"https:\/\/www.polskaszkolamanchester.org\/index.php?rest_route=\/wp\/v2\/users\/5"}],"replies":[{"embeddable":true,"href":"https:\/\/www.polskaszkolamanchester.org\/index.php?rest_route=%2Fwp%2Fv2%2Fcomments&post=1635"}],"version-history":[{"count":6,"href":"https:\/\/www.polskaszkolamanchester.org\/index.php?rest_route=\/wp\/v2\/pages\/1635\/revisions"}],"predecessor-version":[{"id":1637,"href":"https:\/\/www.polskaszkolamanchester.org\/index.php?rest_route=\/wp\/v2\/pages\/1635\/revisions\/1637"}],"up":[{"embeddable":true,"href":"https:\/\/www.polskaszkolamanchester.org\/index.php?rest_route=\/wp\/v2\/pages\/22"}],"wp:attachment":[{"href":"https:\/\/www.polskaszkolamanchester.org\/index.php?rest_route=%2Fwp%2Fv2%2Fmedia&parent=1635"}],"curies":[{"name":"wp","href":"https:\/\/api.w.org\/{rel}","templated":true}]}}